2*i = 3*v + 14. Calculate the remainder when (-2)/2*-2*v is divided by 1.
0
Let v(k) = k**3 - 6*k**2 - 6*k + 11. What is the remainder when v(8) is divided by 46?
45
What is the remainder when 52 is divided by 1 + 4/((-12)/(-81))?
24
Let y = -13 - -19. Let d(z) = 4*z + 8. What is the remainder when d(y) is divided by (-2)/(-6) + (-300)/(-18)?
15
Suppose -3 = -3*j, 7*v - 3*v - 3*j = 21. Calculate the remainder when 45 is divided by v.
3
Suppose 0 = -4*q - q + 60. Let w(d) = 10*d**2 - 5*d + 3. Let a be w(4). Suppose -5*n = -a + 28. Calculate the remainder when n is divided by q.
11
Let y(i) = -6*i - 1 + 4*i**2 + 0 - i**2. Let m(b) = b**3 + 3*b**2 - 7*b. Let q(x) = 3*m(x) - 4*y(x). Calculate the remainder when q(3) is divided by 17.
16
Let s = -23 - -22. What is the remainder when 66 is divided by (-19 - (2 - -2))/s?
20
Let w(a) = 2*a - 1. Let n be (-56)/(-6) + 1/(-3). Suppose 2*x - 27 = 5*j, -j = -4*x + 3*x + 9. What is the remainder when w(n) is divided by x?
5
Suppose 5*g = 4*g + 3. Let j be g + 1 + -3 + 2. Calculate the remainder when -10*-2*j/12 is divided by 3.
2
Suppose -2*b = -4*b + 64. Calculate the remainder when b is divided by 7.
4
Let x(d) = 19*d**3 - 2*d**2 + d. What is the remainder when 69 is divided by x(1)?
15
What is the remainder when 46 is divided by 12/((-4)/(-3 - 1))?
10
Let g = 85 - 60. Calculate the remainder when g is divided by 14.
11
Let p be (-1)/(-2)*(-1 - -1). Suppose p = 3*t - 30 - 3. Suppose 4*s = -a + 9, -5*a + s + 77 - t = 0. Calculate the remainder when 38 is divided by a.
12
Let i(c) = -2*c + 7. Suppose 3*n - 46 = 5. Calculate the remainder when i(-11) is divided by n.
12
Let p(j) = 28*j**2 - 1. Calculate the remainder when p(-1) is divided by 7.
6
Suppose 2*g = -2*g - 3*p - 12, g + 2*p = 2. Let o = g - -7. What is the remainder when 10 is divided by o/(1/4 - 0)?
2
Suppose 10*j - 15*j - 185 = 0. Let d = -22 - j. Calculate the remainder when d is divided by 8.
7
Let n = 158 + -138. Calculate the remainder when 48 is divided by n.
8
Let i(l) = 8*l - 27. Calculate the remainder when 23 is divided by i(4).
3
Let s be (2/2 - 2) + -32. Let f = -20 - s. Suppose -2*l + 108 = 3*p, -3*p + 2*l = 6*l - 102. Calculate the remainder when p is divided by f.
12
Suppose 4 = 2*b + 2*b. What is the remainder when 42 is divided by 23 + (-2 - (-1)/b)?
20
Suppose 3*s = -3*b - b + 110, 37 = s + b. Suppose 3*y + d - 62 = -3*d, 3*y = 5*d + 44. Let f = 31 - y. Calculate the remainder when s is divided by f.
12
Suppose 3*c - c - 62 = 0. Let h = 262 + -171. Calculate the remainder when h is divided by c.
29
Let w(k) = k**3 + k**2 + k + 1. Let h be w(-3). Let b = -15 - h. Calculate the remainder when 23 is divided by b.
3
Let t(p) = -18*p - 1. Suppose 21 = -2*g - 3*n, 2*n = -4*g - 5 - 17. Calculate the remainder when t(g) is divided by 14.
11
Let o be 124/10*10/(-2). Let i = -44 - o. What is the remainder when 51 is divided by i?
15
Suppose 2*y - 57 = -37. Let o be -21*1*2/(-6). Suppose -o*v + 3*v + 3*w + 25 = 0, 4*v + 3*w = 7. Calculate the remainder when y is divided by v.
2
Suppose 3*n + 3*i - 9 = 0, n - 4*i = -0*i + 8. Let w(b) = -b**2 - 8*b - 1. Calculate the remainder when w(-6) is divided by n.
3
Suppose 5*w - 2*w = 60. Calculate the remainder when 79 is divided by w.
19
Let c = 185 - 100. Suppose 0 = -4*o - 21 + c. What is the remainder when 61 is divided by o?
13
Let l = 163 - 91. What is the remainder when l is divided by 25?
22
Let c = 31 - 9. What is the remainder when c is divided by 6?
4
Calculate the remainder when 10 is divided by (-4)/(-14) - 40/(-7).
4
Let j = 133 + -63. Suppose -294 = -5*d - 114. Calculate the remainder when j is divided by d.
34
Suppose 8*i - 3*i = -2*p + 64, p - 67 = -5*i. Calculate the remainder when 38 is divided by i.
10
Let m = 109 - 98. Calculate the remainder when 29 is divided by m.
7
Let i(o) = 8*o. Let d(n) = -33*n. Let w(l) = -3*d(l) - 11*i(l). Calculate the remainder when w(3) is divided by 234/14 - (-4)/14.
16
Let g = -108 - -119. Calculate the remainder when g is divided by 7.
4
Let q(o) = -6*o**3 + 7*o**2 - 11*o - 8. Let l(h) = -7*h**3 + 7*h**2 - 12*h - 9. Let v(g) = 5*l(g) - 6*q(g). Calculate the remainder when v(6) is divided by 1.
0
Let t = -207 + 227. What is the remainder when 239 is divided by t?
19
Let d(b) = -7*b - 19. Let f(y) = 4*y + 10. Let v(q) = 3*d(q) + 5*f(q). Let a = 3 + -2. Calculate the remainder when v(-8) is divided by a.
0
What is the remainder when 49 is divided by 39*1*(-4)/(-12)?
10
Suppose 0 = o - 47 + 2. Suppose 3*b - 21 - 48 = 0. What is the remainder when o is divided by b?
22
Let v = -5 + 8. Suppose 0 = -v*j - 82 + 4. Let x = j - -38. Calculate the remainder when 23 is divided by x.
11
Let p(d) = -4*d**2 + d**3 + 2*d + 0*d**2 + 5 + 11*d**2. Calculate the remainder when p(-5) is divided by 16.
13
Let l = 3 - -2. Let w = 6 + 1. Let d(c) = -c**2 + 10*c - 7. What is the remainder when d(w) is divided by l?
4
Let m(j) = j**2 - 4*j + 5. Let k be m(4). Suppose -g + 12 + k = 0. Suppose -2*v = 7 - g. Calculate the remainder when 8 is divided by v.
3
Let r = 1 + 31. Suppose v = -v + r. Let a = 0 + 9. Calculate the remainder when v is divided by a.
7
Let y(f) = 2*f**2 + 14*f - 6. Let j(p) = -p**2 + 8*p + 2. What is the remainder when y(-10) is divided by j(6)?
12
Suppose -3*l + 53 = q, -6*l = 4*q - 3*l - 194. What is the remainder when q is divided by 8?
7
Suppose 22 = 2*o - 2. Calculate the remainder when (-6)/(-15) + (-489)/(-15) is divided by o.
9
Calculate the remainder when 26 is divided by (-3)/((-2)/56*6).
12
Suppose -3*c + 8 = c. Suppose 3*k + 3*b = 66, 3*b + 73 = 4*k + c*b. Calculate the remainder when 55 is divided by k.
17
Suppose -5*o = -68 - 22. Let q be 0 + 2*3/(-6). What is the remainder when o - (1 - q) - -3 is divided by 7?
5
Let u = 47 - 19. Calculate the remainder when 137 is divided by u.
25
Let y(k) = -8*k. Let i(m) = m**2 - 11*m + 8. Let v be i(7). Let j = v - -29. What is the remainder when y(-2) is divided by j?
7
Let o be 6/(-4)*472/(-12). Suppose -106 - o = -5*y. Suppose 6 = -3*j + y. Calculate the remainder when 26 is divided by j.
8
Let c = -13 + 36. What is the remainder when 42 is divided by c?
19
Let p = 12 - 7. Suppose 2*o - 3*r - 27 = -5, -p*o + 9 = 4*r. Calculate the remainder when 14 is divided by o.
4
Let w = 3 + 4. What is the remainder when w is divided by (-2 - -10)/(3 + -1)?
3
Let d(j) = -j - 1. Let l be d(1). Let x be (1 - -18) + 2/l. Let n = 36 - x. Calculate the remainder when n is divided by 10.
8
Let n be 1/(-2) - 1/2. Let z = 24 + n. Suppose -5*j + 4*j + 5*x = z, 5 = x. Calculate the remainder when 3 is divided by j.
1
Suppose 5*n - 4 + 24 = 0, -3*s = 2*n + 2. Suppose 28 = 5*h - 107. Suppose -s*g - g = -h. Calculate the remainder when 16 is divided by g.
7
What is the remainder when 19 is divided by ((-93)/(-62))/(3/20)?
9
Suppose -1 = 4*u + 7. Calculate the remainder when 7 is divided by (2 + 3)/1 + u.
1
Calculate the remainder when 124 is divided by (-6)/42 + 342/42.
4
Let d(m) = -1 + 32*m + m - m. Let o be 2/(-8) + (-15)/(-12). What is the remainder when d(o) is divided by 11?
9
Let l = -2 + 5. Suppose -4*q - l*m + 5*m = -72, -5*q = m - 97. Suppose -b - q = -64. Calculate the remainder when b is divided by 16.
13
Suppose -2*t = 2*t, j + t - 4 = 0. Suppose -3*n = n - j. Calculate the remainder when 12 is divided by 7 - n/2*0.
5
Calculate the remainder when (16/2)/(2/9) is divided by 13.
10
Let k(i) = -i**2 - 6*i. Let l be k(-6). Suppose 3*f - 4*f + 3 = l. Suppose -14 - 1 = -f*c. Calculate the remainder when 18 is divided by c.
3
Suppose -3*a - 66 = -4*u, -a - 3*u - 10 = 12. Let q = 36 + a. What is the remainder when q is divided by 8?
6
Let k(h) = 3*h + 8. Calculate the remainder when 22 is divided by k(3).
5
Let z(c) = -27*c + 5. What is the remainder when z(-4) is divided by 23?
21
Let b be 1/(2/(-108)*-2). Suppose 0 = -4*i + 4*u + 28, 0*i - i = -5*u - b. Calculate the remainder when 2 is divided by i.
0
Let x be (-4 + 100/8)*2. Let m = x - 11. What is the remainder when 21 is divided by m?
3
Let d(v) = v**3 + 3*v**2 - v + 1. Let k be d(-3). Suppose -136 = -k*a - 0. Calculate the remainder when a is divided by 9.
7
Suppose -3*l = -3*m - 15, l + 3*m = 5*m + 5. Suppose 2*r + 2*y = 3*r - 20, 4*r - 75 = 3*y. Calculate t